7*(-3)/(42/(-20)). Let o be (160/25)/(2/b). What is the greatest common divisor of o and w?
4
Let b be ((-2)/4)/((-1)/10). Let i be (-5)/b + 1/1. Suppose 4*f - 45 - 51 = i. Calculate the greatest common divisor of 3 and f.
3
Let t = 54 + 1. Suppose -3*h + t = 31. Suppose -6 = -3*b, -4*b - 21 = -j + 3. Calculate the highest common factor of j and h.
8
Suppose -34 = -15*f - 4. Let s(d) = -d**2 + 9*d. Let w be s(6). Calculate the greatest common divisor of w and f.
2
Suppose -23*c = -21*c - 14. Let j(u) = -u. Let v(r) = r**2 - 19*r. Let y(h) = 6*j(h) - v(h). Let k be y(c). Calculate the highest common divisor of 7 and k.
7
Let f(x) = 6*x**2 + 11*x + 41. Let r be f(-5). Calculate the greatest common divisor of r and 8.
8
Let i be (-7)/(15/10 - 339/222). Suppose -l - 197 = -4*g, 5*l = -5*g + 2*l + i. Let t = -4 + 24. What is the greatest common divisor of g and t?
10
Let i = 53 - 100. Let d = i + 78. Calculate the highest common factor of d and 155.
31
Suppose 0 = -6*o + 8*o - 18. Let n be 77 + (5 - (2 + 8)). Calculate the greatest common factor of n and o.
9
Suppose -5*m + 0 = -25. Suppose m*x - 10 = 320. What is the highest common divisor of 6 and x?
6
Let y be 4*21/(-28)*-1. What is the highest common factor of 147 and y?
3
Let v(d) = -d**2 + 13*d - 17. Let p be v(12). Let i = 9 + p. What is the greatest common factor of i and 6?
2
Suppose 0 = 72*x - 68*x - 24. Calculate the highest common divisor of x and 204.
6
Let a be 76*(1/4)/((-1)/(-2)). Calculate the highest common divisor of 95 and a.
19
Suppose 0 = -l - q + 24, -4*l - 5*q = -144 + 50. What is the greatest common divisor of l and 39?
13
Let p be 1 + 9/(-3)*-7. Suppose 3*f + 2*m = 22, -5*f + 3*m + m = -p. Suppose 3*u = f*u - 165. What is the greatest common divisor of 22 and u?
11
Let q = -1361 - -1363. What is the highest common factor of q and 94?
2
Let s be 40*23/(920/16). Calculate the greatest common divisor of 320 and s.
16
Suppose 5*a - 6 = 3*a. Suppose -a*t - 3 = 5*r + 1, 3*r = -6. Let b be 148/8 - (-3)/t. What is the highest common divisor of 10 and b?
10
Suppose 0 = 2*k, -4*g + 3*k = -0*k. Let h be 3/((-6)/(-4)) + g. Let w be -4*(-2)/(-12) - (-192)/18. What is the highest common divisor of w and h?
2
Let n = 2124 - 958. What is the highest common factor of n and 22?
22
Let n be (-16)/(2 + -1 + 0). Let c(i) = i**3 + 8*i**2 + 6*i - 8. Let k be c(-7). Let j be n/24*(-43 - k). What is the greatest common divisor of j and 14?
14
Let v(h) = -7*h + 1. Let i be v(-1). Let p be 1 + (2/i - (-15)/4). Calculate the greatest common factor of 5 and p.
5
Let p be 3 + 293 + -2 + 0. Suppose -4*g = -18*g + p. What is the highest common factor of 28 and g?
7
Suppose 0 = 5*m - 7 - 13. Let g be (-5 - -2) + 60 + -2. Suppose 5*p - g = -u + 4*u, 0 = -u - 5. Calculate the highest common divisor of p and m.
4
Let h be 2/(-13) - (-24660)/585. What is the greatest common factor of h and 14?
14
Let o be (2/3)/(-3 - (-154)/51). Let q be 756/2 + (-7)/(35/20). What is the highest common factor of o and q?
34
Let p be (-9)/(-1) + (2 - 0). Suppose -3*g - 8*g + 2079 = 16*g. What is the greatest common factor of p and g?
11
Suppose -29*d = -4*d - 37375. Calculate the highest common divisor of 65 and d.
65
Let o be (-12)/(-16) + 3/(-4) + 0. Suppose -4*j + 2*j = 3*y - 107, o = -5*j + y + 225. What is the greatest common divisor of j and 368?
46
Let y(p) = -2*p**3 + 25*p**2 - 14*p + 42. Let l be y(12). What is the highest common divisor of l and 558?
18
Suppose -97 = 5*o - 357. Let u = o + -36. Let n = 1799 + -1797. Calculate the greatest common divisor of n and u.
2
Let b be (4 + -3)*(1 - -11). Let m = b - 7. Suppose -94*j = -38*j - 2520. Calculate the greatest common factor of m and j.
5
Let n(d) = 10 + 0*d - 3*d - 10*d + 3*d. Let g be n(-10). What is the highest common divisor of g and 44?
22
Let c be (-20)/15 - (-5 - 262/3). What is the highest common factor of c and 65?
13
Let b be 0/((-8)/(-4) - 4). Suppose b = 8*y - 106 - 6. Calculate the greatest common divisor of 35 and y.
7
Let o be 3*2/(-3) - 1. Let g = 7 + o. Suppose -526 = -0*y - 3*y + s, -3*y = -g*s - 520. What is the greatest common factor of y and 16?
16
Let y be (7 - -27)*(-8)/(-2). What is the greatest common divisor of 16 and y?
8
Let v be -1*(-12)/8*4. Let z = -8 + v. Let y be 2/(z + (-144)/(-69)). What is the greatest common divisor of y and 69?
23
Suppose -354 = -15*u + 801. Let b be 1*-22*(-4)/8. What is the greatest common factor of u and b?
11
Suppose 5*h + 113 = 373. Calculate the greatest common divisor of 12 and h.
4
Let n = 3443 - 2362. Calculate the greatest common factor of 23 and n.
23
Suppose -18 + 1 = -c. Let x(y) be the third derivative of -y**6/120 + 3*y**5/20 - y**4/8 - 7*y**2. Let z be x(5). What is the greatest common factor of c and z?
17
Let m = -1724 + 1734. Suppose 4*s - 2*s = -f + 30, 0 = 3*s + 4*f - 45. Calculate the greatest common factor of s and m.
5
Let s(o) = -o**3 - 14*o**2 - 12*o - 3. Let j be s(-13). Let i be -2 + j/(-6) + 82/3. What is the greatest common factor of 56 and i?
28
Let z be 75 - (-8 - (7 + 20/(-2))). Calculate the highest common divisor of 65 and z.
5
Suppose 5*z - 4*w - 204 = 189, 2*z - 150 = -2*w. What is the highest common factor of z and 99?
11
Let b = 25 - 4. Let y be 2 + (6/2 - 3). Suppose -8 + y = -2*c. What is the greatest common factor of b and c?
3
Let n = 98 - 78. Let r be (-21 + 0 + 1)*(n + -22). Calculate the greatest common divisor of 5 and r.
5
Suppose 0 = -2*r + 3*r - 7. Suppose -13*p - 13 = -14*p. Suppose -p = -2*x + 15. What is the greatest common factor of x and r?
7
Suppose 5*t = -17 + 77. Let c be 2 + -3 - (-3 + 5). Let r be 1*(-30)/(c - -2). What is the greatest common factor of r and t?
6
Suppose -61 = -c + 4*w, c + w = 4*c - 216. Suppose -c*q - 35 = -74*q. Calculate the highest common divisor of q and 385.
35
Suppose -137 = -6*u + u + 3*y, 4*u = 4*y + 116. What is the highest common factor of 275 and u?
25
Let h = 40 + -28. Let p = 96 - 54. Suppose -66 = -6*d + p. Calculate the highest common factor of h and d.
6
Let g be (-1)/11 + (-22568)/(-682). Calculate the greatest common factor of g and 33.
33
Suppose -3*z = -4*b + 94, -5*z = -2*z - 6. Suppose -3*x + b + 26 = 0. Suppose 0 = 17*q - 700 - 658 - 87. What is the greatest common divisor of x and q?
17
Let t(y) = 5*y - 19. Let b be t(9). What is the greatest common divisor of 13 and b?
13
Suppose -4*m + m + 118 = -4*y, 3*y - 124 = -4*m. Suppose m = 2*p - 4*r, 4*p - 5*r - 50 = 15. Calculate the greatest common factor of 5 and p.
5
Suppose -79 = -8*z - 23. What is the greatest common factor of 84 and z?
7
Suppose 0 = -4*t + 31 - 7. Let b be (-4)/t*-3*1. Suppose -8 = -g + b*m, -m + 10 = -g - 5*m. Calculate the greatest common factor of g and 4.
2
Suppose -4*v + 2*z = -202, 15*v - 18*v + 3*z = -159. Let f(i) = -i + 8. Let a be f(5). Calculate the highest common divisor of v and a.
3
Let o(t) = -t**3 + 7*t**2 - 6*t + 1. Let y be o(6). Suppose 14 - 6 = 2*h. Suppose -h = -3*a - a. Calculate the greatest common divisor of y and a.
1
Suppose 2*t = -20 + 32. Let z be (-2373)/(-19) + t/57. What is the greatest common divisor of 25 and z?
25
Let q(k) = 4*k**2 - 9*k + 69. Let p be q(7). What is the greatest common divisor of p and 2?
2
Let n be (2 - (-2 - -5))*6. Let g be 50/((1*n)/(-3)). Let m = 334 + -209. Calculate the highest common factor of m and g.
25
Suppose -4*k - x = -2*k - 15, 5*k = -4*x + 36. Let b(j) = -3*j**3 + j**2 + j - 2. Let r be b(-2). Calculate the greatest common factor of k and r.
8
Suppose f = -f + 56. Let v = -26 + f. Let p(n) = -n**2 - 6*n + 10. Let x be p(-7). Calculate the greatest common divisor of x and v.
1
Let s be (2/2)/((-2)/14). Let t(m) = -2*m - 1. Let n(a) = -39*a - 18. Let p(f) = n(f) - 18*t(f). Let i be p(s). What is the highest common factor of i and 147?
21
Let k be (112/(-5 - -1))/(-2). Let o = -11 + k. Suppose 560 = 5*z - 0*z + p, o*z - 3*p = 336. What is the highest common divisor of 16 and z?
16
Suppose 0 = -780*i + 802*i - 3388. Calculate the highest common divisor of i and 21.
7
Suppose -4*x + 3*u = 59, 4*x + 57 = u - 0. Let h be 6/14 - (-678)/x. Let v be (-180)/h*(0 + 4). What is the greatest common factor of v and 3?
3
Suppose 5*n - 30 - 15 = 0. Let a be (-12)/n + (-5)/3. Let y be (9/6)/